 185 is divided by 141?
44
Calculate the remainder when 769 is divided by 383.
3
What is the remainder when 713 is divided by 102?
101
Calculate the remainder when 584 is divided by 74.
66
Calculate the remainder when 10359 is divided by 3452.
3
What is the remainder when 49 is divided by 15?
4
What is the remainder when 956 is divided by 31?
26
Calculate the remainder when 48 is divided by 45.
3
Calculate the remainder when 253 is divided by 85.
83
Calculate the remainder when 2525 is divided by 1252.
21
What is the remainder when 548 is divided by 43?
32
Calculate the remainder when 1437 is divided by 38.
31
Calculate the remainder when 366 is divided by 27.
15
Calculate the remainder when 296 is divided by 40.
16
Calculate the remainder when 81 is divided by 9.
0
Calculate the remainder when 572 is divided by 79.
19
Calculate the remainder when 4727 is divided by 11.
8
Calculate the remainder when 574 is divided by 183.
25
What is the remainder when 195 is divided by 54?
33
Calculate the remainder when 139 is divided by 70.
69
Calculate the remainder when 2128 is divided by 108.
76
Calculate the remainder when 1250 is divided by 208.
2
Calculate the remainder when 1486 is divided by 31.
29
What is the remainder when 1759 is divided by 55?
54
What is the remainder when 276 is divided by 56?
52
What is the remainder when 578 is divided by 148?
134
What is the remainder when 1033 is divided by 508?
17
Calculate the remainder when 1209 is divided by 29.
20
What is the remainder when 3309 is divided by 54?
15
Calculate the remainder when 545 is divided by 39.
38
Calculate the remainder when 793 is divided by 192.
25
What is the remainder when 1190 is divided by 183?
92
What is the remainder when 800 is divided by 73?
70
What is the remainder when 173 is divided by 36?
29
Calculate the remainder when 982 is divided by 76.
70
Calculate the remainder when 380 is divided by 149.
82
Calculate the remainder when 2714 is divided by 335.
34
Calculate the remainder when 518 is divided by 8.
6
What is the remainder when 792 is divided by 160?
152
Calculate the remainder when 79 is divided by 36.
7
Calculate the remainder when 7805 is divided by 32.
29
Calculate the remainder when 4817 is divided by 11.
10
Calculate the remainder when 114 is divided by 42.
30
Calculate the remainder when 141 is divided by 23.
3
Calculate the remainder when 1167 is divided by 78.
75
What is the remainder when 838 is divided by 169?
162
Calculate the remainder when 2493 is divided by 29.
28
Calculate the remainder when 1288 is divided by 100.
88
Calculate the remainder when 127 is divided by 10.
7
Calculate the remainder when 372 is divided by 26.
8
What is the remainder when 466 is divided by 456?
10
What is the remainder when 3309 is divided by 18?
15
What is the remainder when 22 is divided by 2?
0
What is the remainder when 1918 is divided by 31?
27
Calculate the remainder when 351 is divided by 11.
10
What is the remainder when 9302 is divided by 3099?
5
What is the remainder when 144 is divided by 25?
19
Calculate the remainder when 230 is divided by 92.
46
What is the remainder when 21759 is divided by 64?
63
Calculate the remainder when 64 is divided by 21.
1
What is the remainder when 149 is divided by 22?
17
Calculate the remainder when 102 is divided by 35.
32
What is the remainder when 107 is divided by 24?
11
Calculate the remainder when 35206 is divided by 36.
34
Calculate the remainder when 7953 is divided by 117.
114
What is the remainder when 109 is divided by 39?
31
Calculate the remainder when 515 is divided by 188.
139
Calculate the remainder when 98 is divided by 38.
22
Calculate the remainder when 217 is divided by 20.
17
What is the remainder when 1304 is divided by 423?
35
What is the remainder when 1508 is divided by 108?
104
Calculate the remainder when 3683 is divided by 97.
94
Calculate the remainder when 251 is divided by 26.
17
What is the remainder when 2202 is divided by 38?
36
Calculate the remainder when 2872 is divided by 114.
22
What is the remainder when 334 is divided by 56?
54
Calculate the remainder when 97 is divided by 33.
31
Calculate the remainder when 16170 is divided by 103.
102
What is the remainder when 102 is divided by 7?
4
What is the remainder when 144 is divided by 48?
0
Calculate the remainder when 102 is divided by 35.
32
What is the remainder when 637 is divided by 6?
1
What is the remainder when 336 is divided by 111?
3
What is the remainder when 47 is divided by 36?
11
Calculate the remainder when 74 is divided by 15.
14
Calculate the remainder when 245 is divided by 28.
21
Calculate the remainder when 6003 is divided by 52.
23
Calculate the remainder when 1271 is divided by 49.
46
What is the remainder when 1708 is divided by 76?
36
Calculate the remainder when 251 is divided by 17.
13
What is the remainder when 571 is divided by 24?
19
What is the remainder when 143 is divided by 50?
43
Calculate the remainder when 160 is divided by 63.
34
What is the remainder when 836 is divided by 140?
136
What is the remainder when 70 is divided by 57?
13
Calculate the remainder when 1833 is divided by 77.
62
What is the remainder when 223 is divided by 43?
8
Calculate the remainder when 353 is divided by 53.
35
Calculate the remainder when 51 is divided by 11.
7
What is the remainder when 39 is divided by 12?
3
What is the remainder when 533 is divided by 166?
35
Calculate the remainder when 126 is divided by 13.
9
Calculate the remainder when 2431 is divided by 19.
18
Calculate the remainder when 63 is divided by 53.
10
Calculate the remainder when 19003 is divided by 18.
13
What is the remainder when 284 is divided by 41?
38
Calculate the remainder when 10572 is divided by 246.
240
Calculate the remainder when 219 is divided by 99.
21
Calculate the remainder when 258 is divided by 68.
54
Calculate the remainder when 1856 is divided by 48.
32
Calculate the remainder when 819 is divided by 165.
159
What is the remainder when 87 is divided by 44?
43
What is the remainder when 721 is divided by 3?
1
What is the remainder when 3709 is divided by 128?
125
What is the remainder when 2125 is divided by 25?
0
Calculate the remainder when 2874 is divided by 107.
92
Calculate the remainder when 1069 is divided by 16.
13
Calculate the remainder when 5805 is divided by 6.
3
What is the remainder when 591 is divided by 291?
9
What is the remainder when 36845 is divided by 16?
13
What is the remainder when 408 is divided by 82?
80
Calculate the remainder when 389 is divided by 132.
125
Calculate the remainder when 889 is divided by 420.
49
Calculate the remainder when 115 is divided by 64.
51
What is the remainder when 763 is divided by 762?
1
What is the remainder when 507 is divided by 15?
12
What is the remainder when 161 is divided by 10?
1
Calculate the remainder when 230 is divided by 33.
32
What is the remainder when 137 is divided by 27?
2
Calculate the remainder when 249 is divided by 141.
108
Calculate the remainder when 153 is divided by 28.
13
Calculate the remainder when 4160 is divided by 13.
0
What is the remainder when 838 is divided by 107?
89
What is the remainder when 10685 is divided by 39?
38
Calculate the remainder when 286 is divided by 121.
44
What is the remainder when 333 is divided by 42?
39
What is the remainder when 4318 is divided by 27?
25
Calculate the remainder when 4182 is divided by 145.
122
Calculate the remainder when 184 is divided by 29.
10
What is the remainder when 397 is divided by 58?
49
What is the remainder when 211 is divided by 191?
20
What is the remainder when 194 is divided by 14?
12
What is the remainder when 50 is divided by 12?
2
What is the remainder when 86 is divided by 27?
5
What is the remainder when 350 is divided by 116?
2
What is the remainder when 37 is divided by 4?
1
Calculate the remainder when 123 is divided by 26.
19
Calculate the remainder when 2085 is divided by 9.
6
Calculate the remainder when 1739 is divided by 15.
14
Calculate the remainder when 146 is divided by 6.
2
What is the remainder when 366 is divided by 365?
1
What is the remainder when 1678 is divided by 23?
22
What is the remainder when 254 is divided by 30?
14
What is the remainder when 80 is divided b